49801930.
2, 5, 104980193
List the prime factors of 308608225.
5, 17, 726137
List the prime factors of 9213882511.
131, 1327, 53003
List the prime factors of 133897776.
2, 3, 1619, 1723
What are the prime factors of 4295510850?
2, 3, 5, 257, 111427
List the prime factors of 63804443.
63804443
What are the prime factors of 412109635?
5, 7, 43, 273827
What are the prime factors of 26046375?
3, 5, 69457
List the prime factors of 1280900395.
5, 256180079
What are the prime factors of 50162910?
2, 3, 5, 7, 53, 4507
List the prime factors of 788572447.
13, 19, 131, 24371
List the prime factors of 83572332.
2, 3, 6964361
List the prime factors of 326382.
2, 3, 7, 19, 409
List the prime factors of 72874376.
2, 17, 157, 3413
List the prime factors of 95186682.
2, 3, 97, 54517
List the prime factors of 487486150.
2, 5, 23, 109, 3889
What are the prime factors of 268031038?
2, 11, 12183229
List the prime factors of 5695358.
2, 2847679
List the prime factors of 1643560685.
5, 13, 25285549
What are the prime factors of 628997659?
1259, 499601
What are the prime factors of 20185310?
2, 5, 2018531
What are the prime factors of 86066936?
2, 97, 197, 563
List the prime factors of 39417633.
3, 4379737
What are the prime factors of 353760178?
2, 12637, 13997
List the prime factors of 430209898.
2, 1423, 151163
What are the prime factors of 5087569216?
2, 31, 53, 48383
List the prime factors of 192666843.
3, 211, 11273
List the prime factors of 70268439.
3, 37, 317, 1997
List the prime factors of 265724077.
67, 751, 5281
List the prime factors of 310350799.
11, 23, 1226683
List the prime factors of 1577056487.
19, 1229, 67537
What are the prime factors of 244031259?
3, 29, 181, 15497
What are the prime factors of 97160331?
3, 32386777
What are the prime factors of 380313424?
2, 19, 29, 179, 241
List the prime factors of 22146036.
2, 3, 11, 17, 71, 139
List the prime factors of 260447022.
2, 3, 11, 19, 47, 491
List the prime factors of 39151524.
2, 3, 53, 61559
List the prime factors of 967994033.
10457, 92569
List the prime factors of 171258753.
3, 4397, 12983
What are the prime factors of 112694572?
2, 23, 43, 61, 467
What are the prime factors of 5196180838?
2, 19, 23, 41, 145007
What are the prime factors of 119319458?
2, 59659729
What are the prime factors of 761766983?
29, 157, 167311
What are the prime factors of 3615978604?
2, 7, 8669, 14897
List the prime factors of 10256737.
59, 263, 661
What are the prime factors of 54375122?
2, 211, 269, 479
What are the prime factors of 87607998?
2, 3, 79, 61609
List the prime factors of 8724879.
3, 969431
What are the prime factors of 312960087?
3, 11, 287383
What are the prime factors of 643454200?
2, 5, 227, 14173
What are the prime factors of 2698262051?
29, 93043519
What are the prime factors of 495537975?
3, 5, 2202391
List the prime factors of 125397857.
13, 71, 135859
List the prime factors of 1611809409.
3, 7, 101, 759929
List the prime factors of 421073239.
41, 71, 79, 1831
List the prime factors of 4591608466.
2, 53, 3169, 13669
List the prime factors of 2620303847.
7, 107, 3498403
List the prime factors of 459915526.
2, 7, 193, 170213
What are the prime factors of 822376926?
2, 3, 7, 103, 63367
List the prime factors of 47283529.
163, 290083
List the prime factors of 99674021.
31, 3215291
What are the prime factors of 60439105?
5, 61, 71, 2791
List the prime factors of 547536916.
2, 6211, 22039
List the prime factors of 89366757.
3, 41, 726559
What are the prime factors of 84698143?
19, 37, 211, 571
What are the prime factors of 84837148?
2, 11, 157, 12281
List the prime factors of 103908731.
2347, 44273
What are the prime factors of 3523047995?
5, 704609599
What are the prime factors of 6725978696?
2, 37, 1033, 21997
What are the prime factors of 66248703?
3, 7360967
What are the prime factors of 4130981078?
2, 7, 67, 349, 12619
What are the prime factors of 900104006?
2, 179, 2514257
What are the prime factors of 5368545909?
3, 596505101
List the prime factors of 4740410496.
2, 3, 1777, 6947
List the prime factors of 21780011.
11, 23, 31, 2777
What are the prime factors of 463585298?
2, 11, 179, 117721
List the prime factors of 337880718.
2, 3, 7, 23, 31, 3761
What are the prime factors of 361098089?
11, 1091, 30089
List the prime factors of 448291086.
2, 3, 59, 1266359
What are the prime factors of 63588266?
2, 7, 4542019
List the prime factors of 23489869.
13, 17, 157, 677
List the prime factors of 2242965207.
3, 7, 106807867
List the prime factors of 67476704.
2, 2108647
What are the prime factors of 395342373?
3, 37, 3561643
What are the prime factors of 2027748431?
97, 2089, 10007
List the prime factors of 60316280.
2, 5, 1507907
List the prime factors of 18162691.
271, 67021
List the prime factors of 40074724.
2, 19, 83, 6353
List the prime factors of 5148506.
2, 11, 19, 109, 113
What are the prime factors of 2936224022?
2, 23, 37, 107, 701
List the prime factors of 3864963460.
2, 5, 10247, 18859
What are the prime factors of 2997568304?
2, 61, 3071279
List the prime factors of 1774833105.
3, 5, 89, 101, 13163
List the prime factors of 5999786327.
727, 8252801
What are the prime factors of 146992009?
37, 3972757
List the prime factors of 418897459.
17, 23, 1071349
List the prime factors of 13899480.
2, 3, 5, 7, 16547
List the prime factors of 44519329.
23, 523, 3701
List the prime factors of 85674366.
2, 3, 1217, 3911
What are the prime factors of 352491381?
3, 11, 3560519
What are the prime factors of 396957539?
11, 29, 1244381
List the prime factors of 180934203.
3, 2417, 24953
What are the prime factors of 6968951746?
2, 17, 19, 23, 469037
What are the prime factors of 301669414?
2, 6053, 24919
List the prime factors of 115694478.
2, 3, 6427471
List the prime factors of 4168996030.
2, 5, 41, 109, 93287
List the prime factors of 420214805.
5, 84042961
List the prime factors of 31243846.
2, 29, 31, 17377
What are the prime factors of 432701997?
3, 7, 13, 226427
What are the prime factors of 1472471513?
263, 1693, 3307
List the prime factors of 195786670.
2, 5, 19578667
What are the prime factors of 967921284?
2, 3, 11, 29, 149, 1697
What are the prime factors of 38247454?
2, 7, 2731961
What are the prime factors of 62496330?
2, 3, 5, 13, 37, 61, 71
What are the prime factors of 9209430698?
2, 13, 47, 491, 15349
List the prime factors of 3132339467.
3132339467
What are the prime factors of 438218832?
2, 3, 1933, 4723
List the prime factors of 1084207439.
7, 154886777
What are the prime factors of 281060594?
2, 5519, 25463
List the prime factors of 318701434.
2, 1297, 122861
List the prime factors of 882779605.
5, 67, 2635163
What are the prime factors of 180108122?
2, 90054061
What are the prime factors of 234988584?
2, 3, 227, 43133
List the prime factors of 278259178.
2, 139129589
List the prime factors of 81749966.
2, 43, 313, 3037
List the prime factors of 18545636.
2, 23, 47, 4289
What are the prime factors of 326221687?
11, 17, 158591
What are the prime factors of 123863815?
5, 24772763
What are the prime factors of 587279240?
2, 5, 23, 638347
List the prime factors of 51995308.
2, 31, 419317
What are the prime factors of 105542006?
2, 52771003
List the prime factors of 109609877.
13, 8431529
What are the prime factors of 1347182187?
3, 13, 17, 71, 28619
List the prime factors of 10865980.
2, 5, 543299
List the prime factors of 134477264.
2, 83, 131, 773
What are the prime factors of 1726553506?
2, 751, 1149503
What are the prime factors of 200026500?
2, 3, 5, 133351
List the prime factors of 431473196.
2, 7, 11, 1400887
What are the prime factors of 323839019?
7, 46262717
What are the prime factors of 87051828?
2, 3, 7254319
What are the prime factors of 211488890?
2, 5, 1049, 20161
What are the prime factors of 232746194?
2, 2111, 55127
List the prime factors of 476400682.
2, 238200341
List the prime factors of 253819130.
2, 5, 25381913
List the prime factors of 13771251.
3, 13, 117703
What are the prime factors of 14518212?
2, 3, 29, 41719
What are the prime factors of 1574145665?
5, 29, 59, 184003
List the prime factors of 485121356.
2, 31, 37, 43, 2459
List the prime factors of 44298873.
3, 461, 3559
List the prime factors of 338876133.
3, 89, 829, 1531
List the prime factors of 459